is the highest common factor of y and 30?
6
Let l be (-2 + 0)/((-1)/(-1)). Let u be 0 + l + 50 + 3. Let j = u - 30. Calculate the greatest common divisor of 231 and j.
21
Let c = -27 + 37. Calculate the greatest common divisor of c and 90.
10
Let a = 28 + -17. Suppose -2*p - h = -5*h + 14, 2*p = -h + a. Suppose 5*y - 2 = 5*j - 22, j + p*y = 12. Calculate the greatest common divisor of j and 24.
6
Let s(a) = 2*a**2 - 7*a - 1. Let q be s(-5). Calculate the highest common divisor of 24 and q.
12
Let z be 55/2 - (-3)/6. What is the greatest common factor of 84 and z?
28
Suppose 36 = -5*r + 2*r. Let q be 3/1 + (-1 - r). Suppose -3*p - 96 = -3*i, 2*i - p + 5 = 65. Calculate the highest common divisor of i and q.
14
Let b(r) = r**2 - 1. Let j(o) = 3*o**2 - 14*o - 19. Let y(x) = -4*b(x) + j(x). Let k be y(-11). What is the highest common factor of k and 27?
9
Let u(z) = -z**3 - 9*z**2 + 7*z. Suppose -5*w + 4*q = 70, w + 3*q - 9 = -4. Let h be u(w). Calculate the highest common divisor of 270 and h.
30
Suppose 5*a = 4*b + 230, -a - b = -6*a + 215. Suppose d + 5*t = 38, 0*t + 2*t = 5*d - 136. What is the greatest common divisor of a and d?
14
Suppose o = -4*g + 7*g - 935, -4*o - 932 = -3*g. Calculate the greatest common factor of 24 and g.
24
Suppose 0 = -4*a - 12, 0 = r + 4*r + 4*a - 513. What is the greatest common divisor of 15 and r?
15
Suppose -6*o = -o - 1280. Suppose -4*j = 2*i - 241 - 101, -3*j - i + o = 0. What is the greatest common factor of 34 and j?
17
Suppose s - 228 = -3*q, 0 = 4*q + 7 + 13. Suppose -5*w = -m - 59 - 78, -3*w = 3*m - 75. Calculate the highest common divisor of w and s.
27
Suppose -5*t + 77 = g + 1049, -592 = 3*t + 5*g. Let l be (-3)/(-5) + t/(-10). Calculate the highest common factor of 50 and l.
10
Let l be 2/(2/1)*7. Suppose 15 = -0*u - 5*u. Let y be (u - 4)/((-2)/8). What is the greatest common divisor of y and l?
7
Suppose 5*k = -3*p + 281, -3*k - 3*p + 99 + 72 = 0. What is the greatest common divisor of 5 and k?
5
Let s = -40 + 56. What is the highest common factor of 48 and s?
16
Let q be (-2 + -3)*12/(-10). Let c = -68 - -122. What is the highest common factor of c and q?
6
Suppose 0 = 3*h - 0*h - 144. What is the greatest common factor of h and 120?
24
Let m be 9 - 3/3 - 0. Calculate the highest common factor of m and 8.
8
Suppose 2*i + 16 = -m + 5*m, -m - 2*i = 1. Calculate the highest common factor of m and 3.
3
Suppose 2*p = 8, s + 5*p = 52 - 8. Let j(y) = y**3 - 6*y**2 - 4. Let q be j(6). Let d be (-147)/q + (-3)/4. What is the greatest common divisor of d and s?
12
Suppose -765 = -4*g - t + 704, 1834 = 5*g + 2*t. Calculate the greatest common factor of g and 46.
46
Let f(v) = -2*v + 11. Let i be f(13). Let h = i - -39. What is the highest common factor of h and 16?
8
Let q(a) = a**3 - 3*a**2 + 4*a - 6. Let x be q(5). What is the greatest common factor of x and 16?
16
Let f = -4 + 6. Suppose -g = g - f. Calculate the highest common divisor of g and 9.
1
Suppose 2*z + 2*w + 16 = -0*z, w + 17 = -2*z. Let b be 12/(-2)*z/6. Calculate the highest common factor of 3 and b.
3
Let a(w) = -10*w - 6. Let j be a(-3). Calculate the greatest common factor of 8 and j.
8
Let v be -729*-3*1/9. Calculate the highest common divisor of v and 27.
27
Let u = 25 - 16. Let i = u - 1. Calculate the highest common divisor of 40 and i.
8
Let c be 394/11 - (-4)/22. Suppose -86*j = -83*j - 162. What is the highest common factor of j and c?
18
Suppose -20 = 5*j, 4*j = -2*l - 3*l + 29. What is the greatest common divisor of 12 and l?
3
Suppose -2*q + 12 = -3*d, 0 = q + 4*d + 1 - 7. Calculate the greatest common factor of q and 3.
3
Let g(b) = -b. Let w be g(-2). Let t(h) = -h**2 - 5*h. Let x be t(-4). Suppose x*i - 3*i - 2 = 0. What is the greatest common divisor of w and i?
2
Let b = 10 - 6. Let i = 4 - b. Let f(k) = -k**2 + 60. Let u be f(i). What is the highest common divisor of u and 12?
12
Let y(p) = -p**2 + 9*p - 5. Let i be y(6). Let m = 0 + -5. Let z = i + m. Calculate the greatest common divisor of z and 8.
8
Suppose -k - 2*b = -15, -k - 4*b = -9 - 6. Let r be (-50)/(-4)*(5 - -1). Calculate the highest common divisor of k and r.
15
Let u = 20 + -14. Let a be u/(-21) + (-100)/(-7). Calculate the greatest common factor of a and 21.
7
Let h(l) = -29*l + 2. Let o be h(-2). Suppose -3*v + 8 = v, -4*j + 34 = -v. Let f = 6 + j. What is the greatest common divisor of o and f?
15
Suppose -115 = 4*z - 9*z. Calculate the greatest common factor of z and 184.
23
Let t = -62 - -118. Calculate the greatest common divisor of t and 14.
14
Let m be 2/2 - 4/(-4). Let v = -122 + 128. Calculate the greatest common factor of v and m.
2
Suppose 3*b = b + 3*j + 93, -3*b + 131 = 4*j. Calculate the greatest common factor of b and 5.
5
Suppose -2*v = -4*v - 4. Let c = 6 + v. Suppose 0 = -c*a + 149 + 111. What is the highest common divisor of 13 and a?
13
Let u(q) = 7*q + 12. Let i be u(0). What is the highest common factor of 108 and i?
12
Suppose -2*p + v = p - 50, 4*v = -4*p + 88. Suppose 2*u - 3*u = -7. Suppose -3*l + u*l - 648 = 0. Calculate the greatest common factor of p and l.
18
Suppose c - 2*w + 12 = 0, 5*c = -9*w + 4*w. Let i(m) = -m**3 + 4*m**2 + 9*m - 8. Let n be i(6). Let p = c - n. What is the highest common factor of 2 and p?
2
Suppose 4*j = 81 + 159. Suppose -t - 4*t = -j. What is the greatest common factor of 6 and t?
6
Suppose -14*c + 60 = -12*c. What is the greatest common divisor of c and 270?
30
Let z = -25 - -38. What is the greatest common divisor of z and 13?
13
Suppose 2*x = -0*x. Let j be x + 0 - 396/(-6). Let c be (-3)/(-1)*(-1 + 3). Calculate the highest common divisor of j and c.
6
Let y(k) = 111*k**3 - 2*k**2 + 4*k - 3. Let v be y(1). Let q(u) = u**2 + 2*u + 7. Let m be q(-5). Calculate the greatest common factor of v and m.
22
Let d(m) = -4*m**3 - 4 + 3*m**3 - 1 - 1 + 7*m + 4*m**2. Let i be d(5). Calculate the greatest common factor of 10 and i.
2
Let j(b) = 5*b - 43. Let g be j(13). Calculate the highest common factor of g and 121.
11
Suppose -5*n + 6*n - 35 = 0. Calculate the greatest common divisor of n and 175.
35
Suppose -4*s + 3*p = -7*s + 30, -4*s + 4*p + 72 = 0. Calculate the greatest common divisor of s and 112.
14
Let y = 38 + 2. Let v be 1/(-2) + (-17)/(-2). What is the greatest common factor of v and y?
8
Let w be (-1 - -35) + (0 - -1). Suppose -2*b + w = 3*b. Let i = -4 + b. Calculate the highest common divisor of i and 33.
3
Let w = 3 - -14. Let d = -11 + w. Suppose -5*r + 24 = -0*r + n, -3*n = 5*r - 32. What is the greatest common factor of d and r?
2
Let n be 1*2*(-99)/18*-1. Suppose 0 = 5*h - r - 263 - 233, -3*r - 102 = -h. Calculate the highest common divisor of n and h.
11
Let y = -7 - -13. Let o = 33 + -30. What is the greatest common divisor of y and o?
3
Let t = -103 + 220. Calculate the highest common divisor of t and 13.
13
Suppose -g + 39 + 18 = 0. Calculate the greatest common factor of 19 and g.
19
Let r = 4 - 6. Let b be (0 - -4) + r/(-2). Suppose -2*k - 2 - b = 3*l, 0 = -4*l + k + 9. Calculate the greatest common factor of l and 9.
1
Let g(j) = 22*j + 8. Let m be g(-5). Suppose -2*v - 23 = 85. Let s = v - m. Calculate the greatest common factor of s and 12.
12
Let j be 0 + 4*12/16. Calculate the greatest common factor of j and 27.
3
Let j = -36 - -60. Let v = 335 + -71. Calculate the greatest common divisor of v and j.
24
Suppose -65 = -2*k - 5. Suppose -4*r + 32 = 5*f - 63, 3*r = f + 57. What is the highest common factor of k and r?
10
Let p be ((-1)/(-2))/((-4)/(-88)). Let v be ((-7)/(-2) + 1)*-2. Let d be 6/(-27) - 299/v. Calculate the highest common factor of d and p.
11
Let t = 22 - 2. Suppose -7*n + 2*n + 160 = -3*i, 2*i + 68 = 2*n. Suppose -y + 51 + n = 0. Calculate the greatest common factor of y and t.
20
Suppose 23 = 4*m + 7. Suppose -m*j + 4 = -5*f, j - f - 8 = -j. What is the highest common factor of j and 12?
6
Let x = 9 + 9. Calculate the greatest common factor of x and 6.
6
Let y(h) = 4*h**2 + 8*h + 8. Let c be y(-5). Calculate the greatest common factor of c and 4.
4
Suppose 15 = 5*x + 5. What is the highest common factor of 1 and x?
1
Suppose -3*m + 3*x = -60, -3*m + 4*m = -2*x + 14. Calculate the highest common divisor of m and 144.
18
Suppose 0*k = -4*k + 32. Suppose 4*u - 3*